{"id":1341,"date":"2023-04-18T22:10:32","date_gmt":"2023-04-19T01:10:32","guid":{"rendered":"https:\/\/ifdcarcano-crr.infd.edu.ar\/sitio\/?page_id=1341"},"modified":"2023-04-18T22:10:33","modified_gmt":"2023-04-19T01:10:33","slug":"tecnicatura-superior-en-gastronomia","status":"publish","type":"page","link":"https:\/\/ifdcarcano-crr.infd.edu.ar\/sitio\/tecnicatura-superior-en-gastronomia\/","title":{"rendered":"Tecnicatura Superior en Gastronom\u00eda"},"content":{"rendered":"\n<p><strong>T\u00edtulo que otorga:\u00a0<\/strong>T\u00e9cnico Superior en Gastronom\u00eda<\/p>\n\n\n\n<p><strong>Duraci\u00f3n:&nbsp;<\/strong>3 a\u00f1os<\/p>\n\n\n\n<p><strong>Horario de cursada:\u00a0<\/strong>lunes a viernes de 13:30 a 18:00Hs.<\/p>\n\n\n\n<p><strong>1\u00b0 A\u00d1O<\/strong><\/p>\n\n\n\n<figure class=\"wp-block-table\"><table><tbody><tr><td><strong>Unidad Curricular<\/strong><\/td><td><strong>R\u00e9gimen<\/strong><\/td><td><strong>Formato<\/strong><\/td><\/tr><tr><td>Nutrici\u00f3n y salud<\/td><td>1 Cuatrimestre<\/td><td>Materia<\/td><\/tr><tr><td>Cocina B\u00e1sica: T\u00e9cnicas<\/td><td>Anual<\/td><td>Taller<\/td><\/tr><tr><td>Seguridad e higiene<\/td><td>2 Cuatrimestre<\/td><td>Materia<\/td><\/tr><tr><td>Inform\u00e1tica aplicada a la Gastronomia<\/td><td>Anual<\/td><td>Materia<\/td><\/tr><tr><td>Panaderia<\/td><td>Anual<\/td><td>Taller<\/td><\/tr><tr><td>Procesos Politicos y Econ\u00f3micos y el Mundo del Trabajo Actual<\/td><td>1 Cuatrimestre<\/td><td>Materia<\/td><\/tr><tr><td>Reposteria<\/td><td>Anual<\/td><td>Taller<\/td><\/tr><tr><td>Comidas R\u00e1pidas y Viandas<\/td><td>Anual<\/td><td>Materia<\/td><\/tr><tr><td>Practicas Profesionalizantes I<\/td><td>2 Cuatrimestre<\/td><td>Taller<\/td><\/tr><\/tbody><\/table><\/figure>\n\n\n\n<p><strong>2\u00b0 A\u00d1O<\/strong><\/p>\n\n\n\n<figure class=\"wp-block-table\"><table><tbody><tr><td><strong>Unidad Curricular<\/strong><\/td><td><strong>R\u00e9gimen<\/strong><\/td><td><strong>Formato<\/strong><\/td><\/tr><tr><td>Pasteleria y Postres<\/td><td>Anual<\/td><td>Taller<\/td><\/tr><tr><td>Introducci\u00f3n a las Bebidas<\/td><td>Anual<\/td><td>Materia<\/td><\/tr><tr><td>Frances T\u00e9cnico<\/td><td>2 Cuatrimestre<\/td><td>Materia<\/td><\/tr><tr><td>Protocolo y ceremonial<\/td><td>2 Cuatrimestre<\/td><td>Materia<\/td><\/tr><tr><td>Cocina Local y Regional<\/td><td>Anual<\/td><td>Taller<\/td><\/tr><tr><td>Organizaci\u00f3n y Administraci\u00f3n de Empresas Gastron\u00f3micas<\/td><td>1 Cuatrimestre<\/td><td>Materia<\/td><\/tr><tr><td>Cocina Internacional<\/td><td>Anual<\/td><td>Taller<\/td><\/tr><tr><td>Legislaci\u00f3n Laboral<\/td><td>Anual<\/td><td>Materia<\/td><\/tr><tr><td>Practicas Profesionalizantes II<\/td><td>Anual<\/td><td>Taller<\/td><\/tr><\/tbody><\/table><\/figure>\n\n\n\n<p><strong>3\u00b0 A\u00d1O<\/strong><\/p>\n\n\n\n<figure class=\"wp-block-table\"><table><tbody><tr><td><strong>Unidad Curricular<\/strong><\/td><td><strong>R\u00e9gimen<\/strong><\/td><td><strong>Formato<\/strong><\/td><\/tr><tr><td>Taller Culinario<\/td><td>Anual<\/td><td>Taller<\/td><\/tr><tr><td>Enologia y cocteleria<\/td><td>Anual<\/td><td>Materia<\/td><\/tr><tr><td>Cultura y Comunicaci\u00f3n Contempor\u00e1nea<\/td><td>2 Cuatrimestre<\/td><td>Materia<\/td><\/tr><tr><td>Cocina Tradicional Argentina<\/td><td>Anual<\/td><td>Taller<\/td><\/tr><tr><td>Ingles T\u00e9cnico<\/td><td>1 Cuatrimestre<\/td><td>Materia<\/td><\/tr><tr><td>Comidas Diet\u00e9ticas<\/td><td>2 Cuatrimestre<\/td><td>Taller<\/td><\/tr><tr><td>Costos, Presupuestos y Comercializaci\u00f3n de Productos Gastron\u00f3micos<\/td><td>1 Cuatrimestre<\/td><td>Materia<\/td><\/tr><tr><td>Cocina Buffet y Catering<\/td><td>Anual<\/td><td>Taller<\/td><\/tr><tr><td>Taller de Emprendimientos Gastron\u00f3micos<\/td><td>1 Cuatrimestre<\/td><td>Taller<\/td><\/tr><tr><td>Practicas Profesionalizantes III<\/td><td>Anual<\/td><td>Taller<\/td><\/tr><\/tbody><\/table><\/figure>\n","protected":false},"excerpt":{"rendered":"<p>T\u00edtulo que otorga:\u00a0T\u00e9cnico Superior en Gastronom\u00eda Duraci\u00f3n:&nbsp;3 a\u00f1os Horario de cursada:\u00a0lunes a viernes de 13:30 a 18:00Hs. 1\u00b0 A\u00d1O Unidad Curricular R\u00e9gimen Formato Nutrici\u00f3n y salud 1 Cuatrimestre Materia Cocina B\u00e1sica: T\u00e9cnicas Anual Taller Seguridad e higiene 2 Cuatrimestre Materia Inform\u00e1tica aplicada a la Gastronomia Anual Materia Panaderia Anual Taller Procesos Politicos y Econ\u00f3micos y &#8230; <a title=\"Tecnicatura Superior en Gastronom\u00eda\" class=\"read-more\" href=\"https:\/\/ifdcarcano-crr.infd.edu.ar\/sitio\/tecnicatura-superior-en-gastronomia\/\" aria-label=\"More on Tecnicatura Superior en Gastronom\u00eda\">[+]<\/a><\/p>\n","protected":false},"author":177,"featured_media":0,"parent":0,"menu_order":0,"comment_status":"closed","ping_status":"closed","template":"","meta":[],"acf":[],"_links":{"self":[{"href":"https:\/\/ifdcarcano-crr.infd.edu.ar\/sitio\/wp-json\/wp\/v2\/pages\/1341"}],"collection":[{"href":"https:\/\/ifdcarcano-crr.infd.edu.ar\/sitio\/wp-json\/wp\/v2\/pages"}],"about":[{"href":"https:\/\/ifdcarcano-crr.infd.edu.ar\/sitio\/wp-json\/wp\/v2\/types\/page"}],"author":[{"embeddable":true,"href":"https:\/\/ifdcarcano-crr.infd.edu.ar\/sitio\/wp-json\/wp\/v2\/users\/177"}],"replies":[{"embeddable":true,"href":"https:\/\/ifdcarcano-crr.infd.edu.ar\/sitio\/wp-json\/wp\/v2\/comments?post=1341"}],"version-history":[{"count":2,"href":"https:\/\/ifdcarcano-crr.infd.edu.ar\/sitio\/wp-json\/wp\/v2\/pages\/1341\/revisions"}],"predecessor-version":[{"id":1344,"href":"https:\/\/ifdcarcano-crr.infd.edu.ar\/sitio\/wp-json\/wp\/v2\/pages\/1341\/revisions\/1344"}],"wp:attachment":[{"href":"https:\/\/ifdcarcano-crr.infd.edu.ar\/sitio\/wp-json\/wp\/v2\/media?parent=1341"}],"curies":[{"name":"wp","href":"https:\/\/api.w.org\/{rel}","templated":true}]}}