{"id":782,"date":"2018-08-30T13:11:40","date_gmt":"2018-08-30T16:11:40","guid":{"rendered":"https:\/\/ifdcarcano-crr.infd.edu.ar\/sitio\/datos-institucionales\/"},"modified":"2024-10-17T22:07:40","modified_gmt":"2024-10-18T01:07:40","slug":"datos-institucionales","status":"publish","type":"page","link":"https:\/\/ifdcarcano-crr.infd.edu.ar\/sitio\/datos-institucionales\/","title":{"rendered":"Datos institucionales"},"content":{"rendered":"<ul>\n<li><span style=\"font-size: 12pt; font-family: trebuchet ms,geneva;\">Instituto Superior de Formaci\u00f3n Docente \u00abDr. Ram\u00f3n J. C\u00e1rcano\u00bb<\/span><\/li>\n<li><span style=\"font-size: 12pt; font-family: trebuchet ms,geneva;\">Horarios de atenci\u00f3n:\u00a0 7.30Hs. a 12.30Hs; 13.30Hs. a 17.50Hs. y 18.00Hs a 23Hs.<\/span><\/li>\n<li><span style=\"font-size: 12pt; font-family: trebuchet ms,geneva;\">Direcci\u00f3n postal: Col\u00f3n 880, W3220BER, Monte Caseros, Corrientes<\/span><\/li>\n<li><span style=\"font-size: 12pt; font-family: trebuchet ms,geneva;\">Tel\u00e9fono: 03775 &#8211; 422121<\/span><\/li>\n<li>Celular: 03775-15473315<\/li>\n<li><span style=\"font-size: 12pt; font-family: trebuchet ms,geneva;\">Correo electr\u00f3nico:\u00a0<\/span><a style=\"font-family: 'trebuchet ms', geneva; font-size: 12pt;\" href=\"mailto:isfdrjcarcano@gmail.com\">isfdrjcarcano@gmail.com<\/a><\/li>\n<li>YouTube\/Instagram\/Facebook: @isfdcarcano<\/li>\n<li><span style=\"font-family: 'trebuchet ms', geneva; font-size: 12pt;\">Sitio Web: <a title=\"Sitio Web ISFD Dr Ram\u00f3n J, C\u00e1rcano\" href=\"https:\/\/ifdcarcano-crr.infd.edu.ar\/\">ifdcarcano.crr.infd.edu.ar<\/a><\/span><\/li>\n<\/ul>\n\n\n<p><\/p>\n","protected":false},"excerpt":{"rendered":"<p>Instituto Superior de Formaci\u00f3n Docente \u00abDr. Ram\u00f3n J. C\u00e1rcano\u00bb Horarios de atenci\u00f3n:\u00a0 7.30Hs. a 12.30Hs; 13.30Hs. a 17.50Hs. y 18.00Hs a 23Hs. Direcci\u00f3n postal: Col\u00f3n 880, W3220BER, Monte Caseros, Corrientes Tel\u00e9fono: 03775 &#8211; 422121 Celular: 03775-15473315 Correo electr\u00f3nico:\u00a0isfdrjcarcano@gmail.com YouTube\/Instagram\/Facebook: @isfdcarcano Sitio Web: ifdcarcano.crr.infd.edu.ar<\/p>\n","protected":false},"author":333,"featured_media":0,"parent":0,"menu_order":0,"comment_status":"closed","ping_status":"closed","template":"","meta":[],"acf":[],"_links":{"self":[{"href":"https:\/\/ifdcarcano-crr.infd.edu.ar\/sitio\/wp-json\/wp\/v2\/pages\/782"}],"collection":[{"href":"https:\/\/ifdcarcano-crr.infd.edu.ar\/sitio\/wp-json\/wp\/v2\/pages"}],"about":[{"href":"https:\/\/ifdcarcano-crr.infd.edu.ar\/sitio\/wp-json\/wp\/v2\/types\/page"}],"author":[{"embeddable":true,"href":"https:\/\/ifdcarcano-crr.infd.edu.ar\/sitio\/wp-json\/wp\/v2\/users\/333"}],"replies":[{"embeddable":true,"href":"https:\/\/ifdcarcano-crr.infd.edu.ar\/sitio\/wp-json\/wp\/v2\/comments?post=782"}],"version-history":[{"count":1,"href":"https:\/\/ifdcarcano-crr.infd.edu.ar\/sitio\/wp-json\/wp\/v2\/pages\/782\/revisions"}],"predecessor-version":[{"id":1382,"href":"https:\/\/ifdcarcano-crr.infd.edu.ar\/sitio\/wp-json\/wp\/v2\/pages\/782\/revisions\/1382"}],"wp:attachment":[{"href":"https:\/\/ifdcarcano-crr.infd.edu.ar\/sitio\/wp-json\/wp\/v2\/media?parent=782"}],"curies":[{"name":"wp","href":"https:\/\/api.w.org\/{rel}","templated":true}]}}