{"id":788,"date":"2018-08-30T13:11:42","date_gmt":"2018-08-30T16:11:42","guid":{"rendered":"https:\/\/ifdcarcano-crr.infd.edu.ar\/sitio\/profesorado-de-educacion-secundaria-en-quimica\/"},"modified":"2023-04-11T19:04:02","modified_gmt":"2023-04-11T22:04:02","slug":"profesorado-de-educacion-secundaria-en-quimica","status":"publish","type":"page","link":"https:\/\/ifdcarcano-crr.infd.edu.ar\/sitio\/profesorado-de-educacion-secundaria-en-quimica\/","title":{"rendered":"Profesorado de Educaci\u00f3n Secundaria en Qu\u00edmica"},"content":{"rendered":"<p><strong>Denominaci\u00f3n de la carrera: <\/strong>\u00a0Profesorado de Educaci\u00f3n Secundaria en Qu\u00edmica<\/p>\n<p><strong>Resoluci\u00f3n Ministerial N\u00b0: <\/strong>4594\/15<\/p>\n<p><strong>T\u00edtulo que otorga: <\/strong>Profesor\/a de educaci\u00f3n secundaria en qu\u00edmica<\/p>\n<p><strong>Duraci\u00f3n: <\/strong>4 a\u00f1os<\/p>\n<p><strong>Horario de cursada:<\/strong> Lunes a viernes de 18 a 23Hs.<\/p>\n<p><strong>Plan de estudios:<br \/>\n<\/strong><\/p>\n<table style=\"width: 604px; border-color: #006699;\" border=\"1\">\n<tbody>\n<tr>\n<td style=\"width: 568px;\" colspan=\"5\"><strong>1\u00b0 A\u00d1O<\/strong><\/td>\n<\/tr>\n<tr>\n<td style=\"width: 28.7px;\"><strong>\u00a0<\/strong><\/td>\n<td style=\"width: 225.3px;\"><strong>Unidad Curricular<\/strong><\/td>\n<td style=\"width: 107px;\"><strong>R\u00e9gimen<\/strong><\/td>\n<td style=\"width: 109px;\"><strong>Formato<\/strong><\/td>\n<td style=\"width: 98px;\"><strong>Horas Did\u00e1cticas<\/strong><\/td>\n<\/tr>\n<tr>\n<td style=\"width: 28.7px;\">1<\/td>\n<td style=\"width: 225.3px;\">Pedagog\u00eda<\/td>\n<td style=\"width: 107px;\">Anual<\/td>\n<td style=\"width: 109px;\">Materia<\/td>\n<td style=\"width: 98px;\">4 horas<\/td>\n<\/tr>\n<tr>\n<td style=\"width: 28.7px;\">2<\/td>\n<td style=\"width: 225.3px;\">Psicolog\u00eda Educacional<\/td>\n<td style=\"width: 107px;\">Cuatrimestral<\/td>\n<td style=\"width: 109px;\">Materia<\/td>\n<td style=\"width: 98px;\">5 horas<\/td>\n<\/tr>\n<tr>\n<td style=\"width: 28.7px;\">3<\/td>\n<td style=\"width: 225.3px;\">Did\u00e1ctica General<\/td>\n<td style=\"width: 107px;\">Anual<\/td>\n<td style=\"width: 109px;\">Materia<\/td>\n<td style=\"width: 98px;\">4 horas<\/td>\n<\/tr>\n<tr>\n<td style=\"width: 28.7px;\">4<\/td>\n<td style=\"width: 225.3px;\">Lectura y escritura acad\u00e9mica<\/td>\n<td style=\"width: 107px;\">Anual<\/td>\n<td style=\"width: 109px;\">Taller<\/td>\n<td style=\"width: 98px;\">3 horas<\/td>\n<\/tr>\n<tr>\n<td style=\"width: 28.7px;\">5<\/td>\n<td style=\"width: 225.3px;\">Estructura de la materia I<\/td>\n<td style=\"width: 107px;\">Anual<\/td>\n<td style=\"width: 109px;\">Materia<\/td>\n<td style=\"width: 98px;\">5 horas<\/td>\n<\/tr>\n<tr>\n<td style=\"width: 28.7px;\">6<\/td>\n<td style=\"width: 225.3px;\">Matem\u00e1tica<\/td>\n<td style=\"width: 107px;\">Anual<\/td>\n<td style=\"width: 109px;\">Materia<\/td>\n<td style=\"width: 98px;\">5 horas<\/td>\n<\/tr>\n<tr>\n<td style=\"width: 28.7px;\">7<\/td>\n<td style=\"width: 225.3px;\">F\u00edsica<\/td>\n<td style=\"width: 107px;\">Anual<\/td>\n<td style=\"width: 109px;\">Materia<\/td>\n<td style=\"width: 98px;\">5 horas<\/td>\n<\/tr>\n<tr>\n<td style=\"width: 28.7px;\">8<\/td>\n<td style=\"width: 225.3px;\">Pr\u00e1ctica Docente I<\/td>\n<td style=\"width: 107px;\">Anual<\/td>\n<td style=\"width: 109px;\">Pr\u00e1ctica docente<\/td>\n<td style=\"width: 98px;\">5 horas<\/td>\n<\/tr>\n<tr>\n<td style=\"width: 568px;\" colspan=\"5\"><strong>2\u00b0 A\u00d1O<br \/>\n<\/strong><\/td>\n<\/tr>\n<tr>\n<td style=\"width: 28.7px;\">9<\/td>\n<td style=\"width: 225.3px;\">Tecnolog\u00eda de la informaci\u00f3n y la comunicaci\u00f3n<\/td>\n<td style=\"width: 107px;\">Anual<\/td>\n<td style=\"width: 109px;\">Taller<\/td>\n<td style=\"width: 98px;\">3 horas<\/td>\n<\/tr>\n<tr>\n<td style=\"width: 28.7px;\">10<\/td>\n<td style=\"width: 225.3px;\">Historia Argentina y Latinoamericana<\/td>\n<td style=\"width: 107px;\">Cuatrimestral<\/td>\n<td style=\"width: 109px;\">Materia<\/td>\n<td style=\"width: 98px;\">3 horas<\/td>\n<\/tr>\n<tr>\n<td style=\"width: 28.7px;\">11<\/td>\n<td style=\"width: 225.3px;\">Filosof\u00eda de la educaci\u00f3n<\/td>\n<td style=\"width: 107px;\">Cuatrimestral<\/td>\n<td style=\"width: 109px;\">Materia<\/td>\n<td style=\"width: 98px;\">3 horas<\/td>\n<\/tr>\n<tr>\n<td style=\"width: 28.7px;\">12<\/td>\n<td style=\"width: 225.3px;\">Las transformaciones de la materia y la energ\u00eda<\/td>\n<td style=\"width: 107px;\">Anual<\/td>\n<td style=\"width: 109px;\">Materia<\/td>\n<td style=\"width: 98px;\">5 horas<\/td>\n<\/tr>\n<tr>\n<td style=\"width: 28.7px;\">13<\/td>\n<td style=\"width: 225.3px;\">Estad\u00edstica y probabilidad<\/td>\n<td style=\"width: 107px;\">Cuatrimestral<\/td>\n<td style=\"width: 109px;\">Taller<\/td>\n<td style=\"width: 98px;\">4 horas<\/td>\n<\/tr>\n<tr>\n<td style=\"width: 28.7px;\">14<\/td>\n<td style=\"width: 225.3px;\">Introducci\u00f3n a la bilog\u00eda celular<\/td>\n<td style=\"width: 107px;\">Anual<\/td>\n<td style=\"width: 109px;\">Materia<\/td>\n<td style=\"width: 98px;\">4 horas<\/td>\n<\/tr>\n<tr>\n<td style=\"width: 28.7px;\">15<\/td>\n<td style=\"width: 225.3px;\">Epistemolog\u00eda de la qu\u00edmica<\/td>\n<td style=\"width: 107px;\">Anual<\/td>\n<td style=\"width: 109px;\">Materia<\/td>\n<td style=\"width: 98px;\">4 horas<\/td>\n<\/tr>\n<tr>\n<td style=\"width: 28.7px;\">16<\/td>\n<td style=\"width: 225.3px;\">Sujeto de la educaci\u00f3n secundaria<\/td>\n<td style=\"width: 107px;\">Anual<\/td>\n<td style=\"width: 109px;\">Materia<\/td>\n<td style=\"width: 98px;\">4 horas<\/td>\n<\/tr>\n<tr>\n<td style=\"width: 28.7px;\">17<\/td>\n<td style=\"width: 225.3px;\">Did\u00e1ctica de la qu\u00edmica I<\/td>\n<td style=\"width: 107px;\">Anual<\/td>\n<td style=\"width: 109px;\">Materia<\/td>\n<td style=\"width: 98px;\">4 horas<\/td>\n<\/tr>\n<tr>\n<td style=\"width: 28.7px;\">18<\/td>\n<td style=\"width: 225.3px;\">Pr\u00e1ctica Docente II<\/td>\n<td style=\"width: 107px;\">Anual<\/td>\n<td style=\"width: 109px;\">Pr\u00e1ctica docente<\/td>\n<td style=\"width: 98px;\">7 horas<\/td>\n<\/tr>\n<tr>\n<td style=\"width: 568px;\" colspan=\"5\"><strong>3\u00b0 A\u00d1O<\/strong><\/td>\n<\/tr>\n<tr>\n<td style=\"width: 28.7px;\">19<\/td>\n<td style=\"width: 225.3px;\">Lengua Extranjera<\/td>\n<td style=\"width: 107px;\">Cuatrimestral<\/td>\n<td style=\"width: 109px;\">Taller<\/td>\n<td style=\"width: 98px;\">3 horas<\/td>\n<\/tr>\n<tr>\n<td style=\"width: 28.7px;\">20<\/td>\n<td style=\"width: 225.3px;\">Historia y Pol\u00edtica de la Educaci\u00f3n Argentina<\/td>\n<td style=\"width: 107px;\">Cuatrimestral<\/td>\n<td style=\"width: 109px;\">Materia<\/td>\n<td style=\"width: 98px;\">3 horas<\/td>\n<\/tr>\n<tr>\n<td style=\"width: 28.7px;\">21<\/td>\n<td style=\"width: 225.3px;\">Sociolog\u00eda de la educaci\u00f3n<\/td>\n<td style=\"width: 107px;\">Cuatrimestral<\/td>\n<td style=\"width: 109px;\">Materia<\/td>\n<td style=\"width: 98px;\">3 horas<\/td>\n<\/tr>\n<tr>\n<td style=\"width: 28.7px;\">22<\/td>\n<td style=\"width: 225.3px;\">Qu\u00edmica del carbono<\/td>\n<td style=\"width: 107px;\">Anual<\/td>\n<td style=\"width: 109px;\">Materia<\/td>\n<td style=\"width: 98px;\">5 horas<\/td>\n<\/tr>\n<tr>\n<td style=\"width: 28.7px;\">23<\/td>\n<td style=\"width: 225.3px;\">An\u00e1lisis cuantitativos y cualitativos de las transformaciones<\/td>\n<td style=\"width: 107px;\">Anual<\/td>\n<td style=\"width: 109px;\">Materia<\/td>\n<td style=\"width: 98px;\">5 horas<\/td>\n<\/tr>\n<tr>\n<td style=\"width: 28.7px;\">24<\/td>\n<td style=\"width: 225.3px;\">Qu\u00edmica industrial y ambiental<\/td>\n<td style=\"width: 107px;\">Anual<\/td>\n<td style=\"width: 109px;\">Materia<\/td>\n<td style=\"width: 98px;\">4 horas<\/td>\n<\/tr>\n<tr>\n<td style=\"width: 28.7px;\">25<\/td>\n<td style=\"width: 225.3px;\">Metodolog\u00eda de la investigaci\u00f3n<\/td>\n<td style=\"width: 107px;\">Cuatrimestral<\/td>\n<td style=\"width: 109px;\">Taller<\/td>\n<td style=\"width: 98px;\">4 horas<\/td>\n<\/tr>\n<tr>\n<td style=\"width: 28.7px;\">26<\/td>\n<td style=\"width: 225.3px;\">Tecnolog\u00eda de la Informaci\u00f3n y la comunicaci\u00f3n en la qu\u00edmica<\/td>\n<td style=\"width: 107px;\">Cuatrimestral<\/td>\n<td style=\"width: 109px;\">Taller<\/td>\n<td style=\"width: 98px;\">3 horas<\/td>\n<\/tr>\n<tr>\n<td style=\"width: 28.7px;\">27<\/td>\n<td style=\"width: 225.3px;\">Did\u00e1ctica de la qu\u00edmica II<\/td>\n<td style=\"width: 107px;\">Anual<\/td>\n<td style=\"width: 109px;\">Materia<\/td>\n<td style=\"width: 98px;\">4 horas<\/td>\n<\/tr>\n<tr>\n<td style=\"width: 28.7px;\">28<\/td>\n<td style=\"width: 225.3px;\">Pr\u00e1ctica Docente III<\/td>\n<td style=\"width: 107px;\">Anual<\/td>\n<td style=\"width: 109px;\">Pr\u00e1ctica docente<\/td>\n<td style=\"width: 98px;\">7 horas<\/td>\n<\/tr>\n<tr>\n<td style=\"width: 568px;\" colspan=\"5\"><strong>4\u00b0 A\u00d1O<br \/>\n<\/strong><\/td>\n<\/tr>\n<tr>\n<td style=\"width: 28.7px;\">29<\/td>\n<td style=\"width: 225.3px;\">\u00c9tica y Ciudadan\u00eda<\/td>\n<td style=\"width: 107px;\">Cuatrimestral<\/td>\n<td style=\"width: 109px;\">Materia<\/td>\n<td style=\"width: 98px;\">3 horas<\/td>\n<\/tr>\n<tr>\n<td style=\"width: 28.7px;\">30<\/td>\n<td style=\"width: 225.3px;\">Educaci\u00f3n Sexual Integral<\/td>\n<td style=\"width: 107px;\">Cuatrimestral<\/td>\n<td style=\"width: 109px;\">Taller<\/td>\n<td style=\"width: 98px;\">3 horas<\/td>\n<\/tr>\n<tr>\n<td style=\"width: 28.7px;\">31<\/td>\n<td style=\"width: 225.3px;\">Qu\u00edmica Aplicada: Problem\u00e1ticas locales (salud, industria y ambiente)<\/td>\n<td style=\"width: 107px;\">Cuatrimestral<\/td>\n<td style=\"width: 109px;\">Seminario\/Taller<\/td>\n<td style=\"width: 98px;\">4 horas<\/td>\n<\/tr>\n<tr>\n<td style=\"width: 28.7px;\">32<\/td>\n<td style=\"width: 225.3px;\">Qu\u00edmica Biol\u00f3gica<\/td>\n<td style=\"width: 107px;\">Anual<\/td>\n<td style=\"width: 109px;\">Materia<\/td>\n<td style=\"width: 98px;\">5 horas<\/td>\n<\/tr>\n<tr>\n<td style=\"width: 28.7px;\">33<\/td>\n<td style=\"width: 225.3px;\">Espacio de Definici\u00f3n Institucional<\/td>\n<td style=\"width: 107px;\">Anual<\/td>\n<td style=\"width: 109px;\">Taller<\/td>\n<td style=\"width: 98px;\">3 horas<\/td>\n<\/tr>\n<tr>\n<td style=\"width: 28.7px;\">34<\/td>\n<td style=\"width: 225.3px;\">Residencia pedag\u00f3gica<\/td>\n<td style=\"width: 107px;\">Anual<\/td>\n<td style=\"width: 109px;\">Pr\u00e1ctica docente<\/td>\n<td style=\"width: 98px;\">10 horas<\/td>\n<\/tr>\n<\/tbody>\n<\/table>\n","protected":false},"excerpt":{"rendered":"<p>Denominaci\u00f3n de la carrera: \u00a0Profesorado de Educaci\u00f3n Secundaria en Qu\u00edmica Resoluci\u00f3n Ministerial N\u00b0: 4594\/15 T\u00edtulo que otorga: Profesor\/a de educaci\u00f3n secundaria en qu\u00edmica Duraci\u00f3n: 4 a\u00f1os Horario de cursada: Lunes a viernes de 18 a 23Hs. Plan de estudios: 1\u00b0 A\u00d1O \u00a0 Unidad Curricular R\u00e9gimen Formato Horas Did\u00e1cticas 1 Pedagog\u00eda Anual Materia 4 horas 2 &#8230; <a title=\"Profesorado de Educaci\u00f3n Secundaria en Qu\u00edmica\" class=\"read-more\" href=\"https:\/\/ifdcarcano-crr.infd.edu.ar\/sitio\/profesorado-de-educacion-secundaria-en-quimica\/\" aria-label=\"More on Profesorado de Educaci\u00f3n Secundaria en Qu\u00edmica\">[+]<\/a><\/p>\n","protected":false},"author":333,"featured_media":0,"parent":0,"menu_order":0,"comment_status":"closed","ping_status":"closed","template":"","meta":[],"acf":[],"_links":{"self":[{"href":"https:\/\/ifdcarcano-crr.infd.edu.ar\/sitio\/wp-json\/wp\/v2\/pages\/788"}],"collection":[{"href":"https:\/\/ifdcarcano-crr.infd.edu.ar\/sitio\/wp-json\/wp\/v2\/pages"}],"about":[{"href":"https:\/\/ifdcarcano-crr.infd.edu.ar\/sitio\/wp-json\/wp\/v2\/types\/page"}],"author":[{"embeddable":true,"href":"https:\/\/ifdcarcano-crr.infd.edu.ar\/sitio\/wp-json\/wp\/v2\/users\/333"}],"replies":[{"embeddable":true,"href":"https:\/\/ifdcarcano-crr.infd.edu.ar\/sitio\/wp-json\/wp\/v2\/comments?post=788"}],"version-history":[{"count":2,"href":"https:\/\/ifdcarcano-crr.infd.edu.ar\/sitio\/wp-json\/wp\/v2\/pages\/788\/revisions"}],"predecessor-version":[{"id":1334,"href":"https:\/\/ifdcarcano-crr.infd.edu.ar\/sitio\/wp-json\/wp\/v2\/pages\/788\/revisions\/1334"}],"wp:attachment":[{"href":"https:\/\/ifdcarcano-crr.infd.edu.ar\/sitio\/wp-json\/wp\/v2\/media?parent=788"}],"curies":[{"name":"wp","href":"https:\/\/api.w.org\/{rel}","templated":true}]}}