{"id":814,"date":"2018-08-30T13:11:53","date_gmt":"2018-08-30T16:11:53","guid":{"rendered":"https:\/\/ifdcarcano-crr.infd.edu.ar\/sitio\/profesorado-de-educacion-secundaria-en-informatica\/"},"modified":"2020-12-04T09:37:52","modified_gmt":"2020-12-04T12:37:52","slug":"profesorado-de-educacion-secundaria-en-informatica","status":"publish","type":"page","link":"https:\/\/ifdcarcano-crr.infd.edu.ar\/sitio\/profesorado-de-educacion-secundaria-en-informatica\/","title":{"rendered":"Profesorado de Educaci\u00f3n Secundaria en Inform\u00e1tica"},"content":{"rendered":"<p><strong>Denominaci\u00f3n de la carrera: <\/strong>\u00a0Profesorado de Educaci\u00f3n Secundaria en Inform\u00e1tica<\/p>\n<p><strong>Resoluci\u00f3n Ministerial N\u00b0: <\/strong>4711\/15<\/p>\n<p><strong>T\u00edtulo que otorga: <\/strong>Profesor\/a de educaci\u00f3n secundaria en inform\u00e1tica<\/p>\n<p><strong>Duraci\u00f3n: <\/strong>4 a\u00f1os<\/p>\n<p><strong>Coordinadora de carrera: <\/strong>Prof. Claudia Maroni.<\/p>\n<p><strong>Horario de cursada:<\/strong> Lunes a viernes de 7.30 a 12.30Hs.<\/p>\n<h2 style=\"text-align: center;\"><strong>Inscripci\u00f3n cerrada.<\/strong><\/h2>\n<p>&nbsp;<\/p>\n<p><strong>Plan de estudios:<\/strong><\/p>\n<table style=\"width: 604px; border-color: #006699;\" border=\"1\">\n<tbody>\n<tr>\n<td style=\"width: 567px;\" colspan=\"5\"><strong>1\u00b0 A\u00d1O<\/strong><\/td>\n<\/tr>\n<tr>\n<td style=\"width: 28.9833px;\"><strong>\u00a0<\/strong><\/td>\n<td style=\"width: 230.017px;\"><strong>Unidad Curricular<\/strong><\/td>\n<td style=\"width: 108px;\"><strong>R\u00e9gimen<\/strong><\/td>\n<td style=\"width: 101px;\"><strong>Formato<\/strong><\/td>\n<td style=\"width: 99px;\"><strong>Horas Did\u00e1cticas<\/strong><\/td>\n<\/tr>\n<tr>\n<td style=\"width: 28.9833px;\">1<\/td>\n<td style=\"width: 230.017px;\">Pedagog\u00eda<\/td>\n<td style=\"width: 108px;\">Anual<\/td>\n<td style=\"width: 101px;\">Materia<\/td>\n<td style=\"width: 99px;\">4 horas<\/td>\n<\/tr>\n<tr>\n<td style=\"width: 28.9833px;\">2<\/td>\n<td style=\"width: 230.017px;\">Did\u00e1ctica General<\/td>\n<td style=\"width: 108px;\">Anual<\/td>\n<td style=\"width: 101px;\">Materia<\/td>\n<td style=\"width: 99px;\">4 horas<\/td>\n<\/tr>\n<tr>\n<td style=\"width: 28.9833px;\">3<\/td>\n<td style=\"width: 230.017px;\">Lectura y escritura acad\u00e9mica<\/td>\n<td style=\"width: 108px;\">Anual<\/td>\n<td style=\"width: 101px;\">Taller<\/td>\n<td style=\"width: 99px;\">4 horas<\/td>\n<\/tr>\n<tr>\n<td style=\"width: 28.9833px;\">4<\/td>\n<td style=\"width: 230.017px;\">Tecnolog\u00eda de la informaci\u00f3n y la comunicaci\u00f3n<\/td>\n<td style=\"width: 108px;\">Anual<\/td>\n<td style=\"width: 101px;\">Taller<\/td>\n<td style=\"width: 99px;\">3 horas<\/td>\n<\/tr>\n<tr>\n<td style=\"width: 28.9833px;\">5<\/td>\n<td style=\"width: 230.017px;\">Algoritmo y programaci\u00f3n<\/td>\n<td style=\"width: 108px;\">Cuatrimestral<\/td>\n<td style=\"width: 101px;\">Materia<\/td>\n<td style=\"width: 99px;\">5 horas<\/td>\n<\/tr>\n<tr>\n<td style=\"width: 28.9833px;\">6<\/td>\n<td style=\"width: 230.017px;\">Inform\u00e1tica<\/td>\n<td style=\"width: 108px;\">Anual<\/td>\n<td style=\"width: 101px;\">Materia<\/td>\n<td style=\"width: 99px;\">4 horas<\/td>\n<\/tr>\n<tr>\n<td style=\"width: 28.9833px;\">7<\/td>\n<td style=\"width: 230.017px;\">Filosof\u00eda de la educaci\u00f3n<\/td>\n<td style=\"width: 108px;\">Cuatrimestral<\/td>\n<td style=\"width: 101px;\">Materia<\/td>\n<td style=\"width: 99px;\">3 horas<\/td>\n<\/tr>\n<tr>\n<td style=\"width: 28.9833px;\">8<\/td>\n<td style=\"width: 230.017px;\">Calculo para inform\u00e1tica<\/td>\n<td style=\"width: 108px;\">Anual<\/td>\n<td style=\"width: 101px;\">Materia<\/td>\n<td style=\"width: 99px;\">4 horas<\/td>\n<\/tr>\n<tr>\n<td style=\"width: 28.9833px;\">9<\/td>\n<td style=\"width: 230.017px;\">Taller de herramientas inform\u00e1ticas<\/td>\n<td style=\"width: 108px;\">Cuatrimestral<\/td>\n<td style=\"width: 101px;\">Taller<\/td>\n<td style=\"width: 99px;\">4 horas<\/td>\n<\/tr>\n<tr>\n<td style=\"width: 28.9833px;\">10<\/td>\n<td style=\"width: 230.017px;\">Pr\u00e1ctica Docente I: Contextos y pr\u00e1cticas educativas<\/td>\n<td style=\"width: 108px;\">Anual<\/td>\n<td style=\"width: 101px;\">Pr\u00e1ctica docente<\/td>\n<td style=\"width: 99px;\">5 horas<\/td>\n<\/tr>\n<tr>\n<td style=\"width: 567px;\" colspan=\"5\"><strong>2\u00b0 A\u00d1O<br \/>\n<\/strong><\/td>\n<\/tr>\n<tr>\n<td style=\"width: 28.9833px;\">11<\/td>\n<td style=\"width: 230.017px;\">Psicolog\u00eda Educacional<\/td>\n<td style=\"width: 108px;\">Anual<\/td>\n<td style=\"width: 101px;\">Materia<\/td>\n<td style=\"width: 99px;\">3 horas<\/td>\n<\/tr>\n<tr>\n<td style=\"width: 28.9833px;\">12<\/td>\n<td style=\"width: 230.017px;\">L\u00f3gica inform\u00e1tica<\/td>\n<td style=\"width: 108px;\">Cuatrimestral<\/td>\n<td style=\"width: 101px;\">Materia<\/td>\n<td style=\"width: 99px;\">4 horas<\/td>\n<\/tr>\n<tr>\n<td style=\"width: 28.9833px;\">13<\/td>\n<td style=\"width: 230.017px;\">Dise\u00f1o I (dise\u00f1o gr\u00e1fico)<\/td>\n<td style=\"width: 108px;\">Cuatrimestral<\/td>\n<td style=\"width: 101px;\">Taller<\/td>\n<td style=\"width: 99px;\">4 horas<\/td>\n<\/tr>\n<tr>\n<td style=\"width: 28.9833px;\">14<\/td>\n<td style=\"width: 230.017px;\">Historia Argentina y Latinoamericana<\/td>\n<td style=\"width: 108px;\">Cuatrimestral<\/td>\n<td style=\"width: 101px;\">Materia<\/td>\n<td style=\"width: 99px;\">3 horas<\/td>\n<\/tr>\n<tr>\n<td style=\"width: 28.9833px;\">15<\/td>\n<td style=\"width: 230.017px;\">Bases de datos<\/td>\n<td style=\"width: 108px;\">Anual<\/td>\n<td style=\"width: 101px;\">Taller<\/td>\n<td style=\"width: 99px;\">4 horas<\/td>\n<\/tr>\n<tr>\n<td style=\"width: 28.9833px;\">16<\/td>\n<td style=\"width: 230.017px;\">Sujeto de la educaci\u00f3n<\/td>\n<td style=\"width: 108px;\">Anual<\/td>\n<td style=\"width: 101px;\">Materia<\/td>\n<td style=\"width: 99px;\">4 horas<\/td>\n<\/tr>\n<tr>\n<td style=\"width: 28.9833px;\">17<\/td>\n<td style=\"width: 230.017px;\">Ingl\u00e9s t\u00e9cnico I<\/td>\n<td style=\"width: 108px;\">Anual<\/td>\n<td style=\"width: 101px;\">Taller<\/td>\n<td style=\"width: 99px;\">3 horas<\/td>\n<\/tr>\n<tr>\n<td style=\"width: 28.9833px;\">18<\/td>\n<td style=\"width: 230.017px;\">Did\u00e1ctica espec\u00edfica I<\/td>\n<td style=\"width: 108px;\">Cuatrimestral<\/td>\n<td style=\"width: 101px;\">Materia<\/td>\n<td style=\"width: 99px;\">3 horas<\/td>\n<\/tr>\n<tr>\n<td style=\"width: 28.9833px;\">19<\/td>\n<td style=\"width: 230.017px;\">Computaci\u00f3n y la web<\/td>\n<td style=\"width: 108px;\">Cuatrimestral<\/td>\n<td style=\"width: 101px;\">Taller<\/td>\n<td style=\"width: 99px;\">3 horas<\/td>\n<\/tr>\n<tr>\n<td style=\"width: 28.9833px;\">20<\/td>\n<td style=\"width: 230.017px;\">Pr\u00e1ctica Docente II:<\/td>\n<td style=\"width: 108px;\">Anual<\/td>\n<td style=\"width: 101px;\">Pr\u00e1ctica docente<\/td>\n<td style=\"width: 99px;\">7 horas<\/td>\n<\/tr>\n<tr>\n<td style=\"width: 567px;\" colspan=\"5\"><strong>3\u00b0 A\u00d1O<\/strong><\/td>\n<\/tr>\n<tr>\n<td style=\"width: 28.9833px;\">21<\/td>\n<td style=\"width: 230.017px;\">Historia y Pol\u00edtica de la Educaci\u00f3n Argentina<\/td>\n<td style=\"width: 108px;\">Cuatrimestral<\/td>\n<td style=\"width: 101px;\">Materia<\/td>\n<td style=\"width: 99px;\">3 horas<\/td>\n<\/tr>\n<tr>\n<td style=\"width: 28.9833px;\">22<\/td>\n<td style=\"width: 230.017px;\">Ingles t\u00e9cnico II<\/td>\n<td style=\"width: 108px;\">Anual<\/td>\n<td style=\"width: 101px;\">Taller<\/td>\n<td style=\"width: 99px;\">3 horas<\/td>\n<\/tr>\n<tr>\n<td style=\"width: 28.9833px;\">23<\/td>\n<td style=\"width: 230.017px;\">Inform\u00e1tica educativa<\/td>\n<td style=\"width: 108px;\">Anual<\/td>\n<td style=\"width: 101px;\">Materia &#8211; Taller<\/td>\n<td style=\"width: 99px;\">4 horas<\/td>\n<\/tr>\n<tr>\n<td style=\"width: 28.9833px;\">24<\/td>\n<td style=\"width: 230.017px;\">Inteligencia artificial<\/td>\n<td style=\"width: 108px;\">Cuatrimestral<\/td>\n<td style=\"width: 101px;\">Seminario<\/td>\n<td style=\"width: 99px;\">4 horas<\/td>\n<\/tr>\n<tr>\n<td style=\"width: 28.9833px;\">25<\/td>\n<td style=\"width: 230.017px;\">Lenguajes de programaci\u00f3n<\/td>\n<td style=\"width: 108px;\">Anual<\/td>\n<td style=\"width: 101px;\">Taller<\/td>\n<td style=\"width: 99px;\">4 horas<\/td>\n<\/tr>\n<tr>\n<td style=\"width: 28.9833px;\">26<\/td>\n<td style=\"width: 230.017px;\">Did\u00e1ctica Espec\u00edfica II<\/td>\n<td style=\"width: 108px;\">Anual<\/td>\n<td style=\"width: 101px;\">Materia<\/td>\n<td style=\"width: 99px;\">4 horas<\/td>\n<\/tr>\n<tr>\n<td style=\"width: 28.9833px;\">27<\/td>\n<td style=\"width: 230.017px;\">Lengua Extranjera<\/td>\n<td style=\"width: 108px;\">Cuatrimestral<\/td>\n<td style=\"width: 101px;\">Taller<\/td>\n<td style=\"width: 99px;\">4 horas<\/td>\n<\/tr>\n<tr>\n<td style=\"width: 28.9833px;\">28<\/td>\n<td style=\"width: 230.017px;\">Redes y comunicaci\u00f3n de datos<\/td>\n<td style=\"width: 108px;\">Cuatrimestral<\/td>\n<td style=\"width: 101px;\">Taller<\/td>\n<td style=\"width: 99px;\">3 horas<\/td>\n<\/tr>\n<tr>\n<td style=\"width: 28.9833px;\">29<\/td>\n<td style=\"width: 230.017px;\">Dise\u00f1o II y elaboraci\u00f3n material did\u00e1ctico asistido<\/td>\n<td style=\"width: 108px;\">Anual<\/td>\n<td style=\"width: 101px;\">Taller<\/td>\n<td style=\"width: 99px;\">4 horas<\/td>\n<\/tr>\n<tr>\n<td style=\"width: 28.9833px;\">30<\/td>\n<td style=\"width: 230.017px;\">Pr\u00e1ctica Docente III<\/td>\n<td style=\"width: 108px;\">Anual<\/td>\n<td style=\"width: 101px;\">Pr\u00e1ctica docente<\/td>\n<td style=\"width: 99px;\">9 horas<\/td>\n<\/tr>\n<tr>\n<td style=\"width: 567px;\" colspan=\"5\"><strong>4\u00b0 A\u00d1O<br \/>\n<\/strong><\/td>\n<\/tr>\n<tr>\n<td style=\"width: 28.9833px;\">31<\/td>\n<td style=\"width: 230.017px;\">Modelizaci\u00f3n matem\u00e1tica y simulaci\u00f3n<\/td>\n<td style=\"width: 108px;\">Anual<\/td>\n<td style=\"width: 101px;\">Materia<\/td>\n<td style=\"width: 99px;\">3 horas<\/td>\n<\/tr>\n<tr>\n<td style=\"width: 28.9833px;\">32<\/td>\n<td style=\"width: 230.017px;\">Sistemas Contables informatizados<\/td>\n<td style=\"width: 108px;\">Anual<\/td>\n<td style=\"width: 101px;\">Materia<\/td>\n<td style=\"width: 99px;\">4 horas<\/td>\n<\/tr>\n<tr>\n<td style=\"width: 28.9833px;\">33<\/td>\n<td style=\"width: 230.017px;\">Recursos inform\u00e1ticos aplicados<\/td>\n<td style=\"width: 108px;\">Anual<\/td>\n<td style=\"width: 101px;\">Taller<\/td>\n<td style=\"width: 99px;\">4 horas<\/td>\n<\/tr>\n<tr>\n<td style=\"width: 28.9833px;\">34<\/td>\n<td style=\"width: 230.017px;\">Taller de software libre<\/td>\n<td style=\"width: 108px;\">Cuatrimestral<\/td>\n<td style=\"width: 101px;\">Taller<\/td>\n<td style=\"width: 99px;\">4 horas<\/td>\n<\/tr>\n<tr>\n<td style=\"width: 28.9833px;\">35<\/td>\n<td style=\"width: 230.017px;\">Taller de educaci\u00f3n sexual integral<\/td>\n<td style=\"width: 108px;\">Cuatrimestral<\/td>\n<td style=\"width: 101px;\">Taller<\/td>\n<td style=\"width: 99px;\">4 horas<\/td>\n<\/tr>\n<tr>\n<td style=\"width: 28.9833px;\">36<\/td>\n<td style=\"width: 230.017px;\">\u00c9tica y Ciudadan\u00eda<\/td>\n<td style=\"width: 108px;\">Cuatrimestral<\/td>\n<td style=\"width: 101px;\">Taller<\/td>\n<td style=\"width: 99px;\">3 horas<\/td>\n<\/tr>\n<tr>\n<td style=\"width: 28.9833px;\">37<\/td>\n<td style=\"width: 230.017px;\">Residencia pedag\u00f3gica<\/td>\n<td style=\"width: 108px;\">Anual<\/td>\n<td style=\"width: 101px;\">Pr\u00e1ctica docente<\/td>\n<td style=\"width: 99px;\">12 horas<\/td>\n<\/tr>\n<\/tbody>\n<\/table>\n","protected":false},"excerpt":{"rendered":"<p>Denominaci\u00f3n de la carrera: \u00a0Profesorado de Educaci\u00f3n Secundaria en Inform\u00e1tica Resoluci\u00f3n Ministerial N\u00b0: 4711\/15 T\u00edtulo que otorga: Profesor\/a de educaci\u00f3n secundaria en inform\u00e1tica Duraci\u00f3n: 4 a\u00f1os Coordinadora de carrera: Prof. Claudia Maroni. Horario de cursada: Lunes a viernes de 7.30 a 12.30Hs. Inscripci\u00f3n cerrada. &nbsp; Plan de estudios: 1\u00b0 A\u00d1O \u00a0 Unidad Curricular R\u00e9gimen Formato &#8230; <a title=\"Profesorado de Educaci\u00f3n Secundaria en Inform\u00e1tica\" class=\"read-more\" href=\"https:\/\/ifdcarcano-crr.infd.edu.ar\/sitio\/profesorado-de-educacion-secundaria-en-informatica\/\" aria-label=\"More on Profesorado de Educaci\u00f3n Secundaria en Inform\u00e1tica\">[+]<\/a><\/p>\n","protected":false},"author":333,"featured_media":0,"parent":0,"menu_order":0,"comment_status":"closed","ping_status":"closed","template":"","meta":[],"acf":[],"_links":{"self":[{"href":"https:\/\/ifdcarcano-crr.infd.edu.ar\/sitio\/wp-json\/wp\/v2\/pages\/814"}],"collection":[{"href":"https:\/\/ifdcarcano-crr.infd.edu.ar\/sitio\/wp-json\/wp\/v2\/pages"}],"about":[{"href":"https:\/\/ifdcarcano-crr.infd.edu.ar\/sitio\/wp-json\/wp\/v2\/types\/page"}],"author":[{"embeddable":true,"href":"https:\/\/ifdcarcano-crr.infd.edu.ar\/sitio\/wp-json\/wp\/v2\/users\/333"}],"replies":[{"embeddable":true,"href":"https:\/\/ifdcarcano-crr.infd.edu.ar\/sitio\/wp-json\/wp\/v2\/comments?post=814"}],"version-history":[{"count":2,"href":"https:\/\/ifdcarcano-crr.infd.edu.ar\/sitio\/wp-json\/wp\/v2\/pages\/814\/revisions"}],"predecessor-version":[{"id":1178,"href":"https:\/\/ifdcarcano-crr.infd.edu.ar\/sitio\/wp-json\/wp\/v2\/pages\/814\/revisions\/1178"}],"wp:attachment":[{"href":"https:\/\/ifdcarcano-crr.infd.edu.ar\/sitio\/wp-json\/wp\/v2\/media?parent=814"}],"curies":[{"name":"wp","href":"https:\/\/api.w.org\/{rel}","templated":true}]}}